0
-2
Evaluate 2 - ((3 - 11) + 3 - -4).
3
What is 0 - 1 - (-6 + 2 - -4)?
-1
Calculate (1 - 3 - (0 + -5)) + 0.
3
What is 4 + 1 + -2 + -1 + 1?
3
(1 - -10) + (-278 - -277)
10
Evaluate 2 - 4 - (3 + -8).
3
What is the value of -6 - ((-1 - 2) + -6)?
3
Calculate (7 - (3 + -2)) + -4.
2
Calculate -170 + 172 + 1 + -1 + 1.
3
Evaluate 9 - ((4 - -5) + -5).
5
Calculate 7 + 3 + -4 + 2 + -3.
5
Calculate 1 + 2 + (2 - (4 + -1)).
2
Calculate 4 - (0 - (2 - 6)).
0
-6 - (-12 - -2 - -3)
1
What is the value of 6 + ((-9 - -5) + 2 - 3)?
1
Calculate (4 - (-8 - -6)) + (0 - 2).
4
Evaluate -5 - (-4 - (5 + -5)).
-1
What is the value of 0 - (10 + -4 + -4)?
-2
What is -6 + -1 - (-23 + 15)?
1
What is 11 + (6 - 15) - 0?
2
Calculate 1 + 3 + (4 - 9).
-1
Calculate 5 - 7 - (-7 - 4).
9
What is 5 + -9 + 7 + -6 + 4?
1
(1 - -9) + -11 + 6 + -4
1
-4 + -3 - (2 - 4)
-5
Calculate -3 - 0 - (-7 - -1).
3
Calculate -4 - (0 + 4 + -3) - -2.
-3
What is (-1 - -6) + (-1 + -15 - -11)?
0
Calculate (1 - (1 - -3)) + -4 + 3.
-4
8 + (6 - -5 - 12)
7
Calculate 3 - ((2 - 3) + 2) - 5.
-3
(3 - (-5 + 4)) + -2 + -2
0
Evaluate 21 + -9 + -7 + 0 + -5.
0
Evaluate -4 - 0 - (8 - 2 - 5).
-5
What is (-1 - 2) + -1 + 10 - 1?
5
Evaluate 2 + (6 - -2 - 15).
-5
Evaluate 10 + 2 + (57 - 65).
4
Calculate 5 - 4 - (3 - (-8 - -16)).
6
Calculate 2 - (-1 - (1 - 4 - -1)).
1
Calculate -14 + (4 + 20 - 5).
5
What is -2 + ((0 - 0) + -1 - -4)?
1
What is -33 - -44 - (-1 - (3 + -6))?
9
Calculate 1 + 2 - (-5 + 8).
0
What is the value of (-22 - -20) + 8 - (1 + -3)?
8
What is the value of -5 - ((4 - 0 - 0) + -4)?
-5
Evaluate 2 + -4 + -1 + (3 - -1).
1
Calculate (-5 - 1) + (-37 - -39) + 6.
2
Calculate 42 - 40 - (-3 + (-3 - 0)).
8
Calculate -4 + -3 + 5 + -2.
-4
What is 1 + 3 - (-4 + 6)?
2
What is the value of (22 - (-11 + 16)) + -10?
7
Evaluate (0 + 1 - (2 - 0)) + 1.
0
Calculate (1 - 8) + -10 + 5 + 8.
-4
Evaluate (0 - 6) + 5 + -1 - 1.
-3
-7 + 7 + 2 + 0 + -4
-2
Calculate 7 - (45 + -49 - (-1 - 1)).
9
(-5 - -10) + 0 + -1
4
Calculate -1 - -1 - (5 + -3).
-2
Calculate (-1 - (4 - -1)) + 1.
-5
What is (-1 + 3 - 4) + -8 + 19?
9
8 + -4 + (-3 - 1) - -3
3
5 - (14 - (12 - 4))
-1
Evaluate -1 - (-4 + 0 + 0) - 2.
1
What is 5 - (-3 - (8 + -7))?
9
0 - (0 - (-2 + (5 - -1)))
4
-3 - (2 + (6 - 2) + -6)
-3
-1 + 2 + -14 + 7 + 7
1
What is -9 + 16 - (-3 - -8)?
2
What is (-3 - (-4 + 1)) + 4?
4
What is (7 - 9 - 2) + -1 + 2?
-3
Calculate -7 + (-2 - (-6 + 2 - -6)).
-11
Calculate (0 - -1) + (-9 - -11).
3
0 + 4 - (3 + 3 + -4)
2
Calculate (-1 - 0 - 2) + 0.
-3
Calculate (-1 - (4 + -4)) + -1 + 2.
0
Evaluate 8 - 9 - -1 - 2.
-2
Calculate (-7 - -7) + (4 - 1 - -4).
7
What is the value of (-5 - -14) + -8 - 9?
-8
Evaluate -7 + (4 - 1) + (2 - -2).
0
What is the value of 4 + -8 + 10 + -4?
2
What is 0 - (-2 + (-2 - -3))?
1
What is (-2 - 2) + (0 - -4)?
0
Calculate -6 - -2 - (7 + -1 + -10).
0
Calculate 0 - 7 - -5 - -3.
1
What is -5 + 12 + -5 + 0 + -1?
1
What is -3 - 7 - (-6 - (-4 - -4))?
-4
Evaluate -3 - -1 - (-8 + 11 - 0).
-5
Evaluate (1 - (4 + 1)) + 5.
1
Evaluate (-1 + 1 - (4 - 2)) + -1.
-3
Evaluate -4 + (-1 - (1 - (-1 - -3))).
-4
15 - 12 - (4 - 3) - 5
-3
What is the value of (-2 - 1) + 10 + (-6 - -3)?
4
Evaluate 18 + -23 - ((4 - -1) + -2).
-8
Evaluate -2 + (3 - 1) + -1 + 2.
1
4 + 0 + (-1 - (-2 - 0))
5
Calculate 1 - -4 - (-4 - (-2 + -3)).
4
-4 - (-11 + (4 - -3))
0
Evaluate -1 - 7 - (-2 - 11).
5
Evaluate 0 - (-2 - 1 - (-11 - -8)).
0
Calculate (2 - (7 + -6)) + (-1 - -1).
1
What is the value of (-4 - -1 - -5) + 1?
3
Evaluate -11 - (17 + -14 + -2 + -8).
-4
Calculate -1 + 7 + -3 + -2 + -2.
-1
What is 1 + -5 + (13 - 9)?
0
What is 0 + -7 - (-57 - -56)?
-6
Calculate -51 + 42 + (3 - 0 - 5).
-11
-21 + 13 + 12 + -6 + 9
7
Calculate 5 - (10 + (3 - 4)).
-4
Evaluate 4 - (-2 - -7 - (11 - 12)).
-2
What is 2 + -4 - (29 - 32)?
1
(-6 - (6 + -7)) + 2 + 8
5
What is the value of -1 - 4 - (-30 - -29)?
-4
What is the value of (-8 - -2) + 4 - -2?
0
4 - 0 - (-18 - -18) - -1
5
10 + (-13 - 6) + 2
-7
Calculate 226 + -222 + (1 - -5).
10
10 + -22 + 1 + 2
-9
What is the value of (3 + -2 - 2) + -5 + 4?
-2
Calculate 0 - (1 - 0) - (1 - 0).
-2
Calculate (-1 - -4) + (2 - 1) + -1.
3
Calculate 8 + (10 + -18 - 6).
-6
Calculate 3 + 7 + -11 + 2.
1
Calculate (3 - (2 - 0)) + -7 + 6.
0
-5 + (-5 - -6) + 7
3
Evaluate -2 - (-4 - (-3 + (-4 - -5))).
0
(3 - (7 + -11)) + -9
-2
What is -4 - (-11 + 5 - (2 + -5))?
-1
What is -10 + 5 + 7 + -7?
-5
What is -5 - 2 - -5 - -5?
3
What is the value of -1 + 1 + (23 - 21)?
2
Calculate -5 - -4 - ((-3 - 0) + 5).
-3
Evaluate -14 + 15 - (-3 + 3 + 4).
-3
What is the value of 3 - -11 - 5 - 11?
-2
Evaluate -7 + 20 - (-8 - -29).
-8
Evaluate -1 + 6 + -13 + 8.
0
What is the value of -2 - (7 - (1 - -3))?
-5
Evaluate (3 - -1) + (-4 - (-21 + 15)).
6
7 + -3 + 0 + -4
0
Evaluate -4 + -2 + 0 + 1 + 0.
-5
What is 3 + 0 + (37 - 34)?
6
What is 1 - 0 - (16 + -7 - 5)?
-3
Evaluate -4 + (5 - (-4 + 4)).
1
What is 6 + (3 - -3) + -8?
4
What is the value of 2 - ((3 - (3 + -3)) + -2)?
1
Evaluate (-22 - (-26 - -8)) + 2 + -1.
-3
Calculate -9 + 5 + 1 + 5 + 0.
2
Evaluate (-7 - -2) + (7 - -6) - 3.
5
Calculate (6 - (-1 - -4)) + -6.
-3
Calculate ((1 - 0) + 3 - 0) + -3.
1
What is -4 - (0 - 1) - -1?
-2
Calculate 3 + (4 + -4 - 0) + -4.
-1
Calculate (-11 - (10 + -22)) + -4.
-3
Evaluate (2 - (2 - 3)) + -5 + 7.
5
Calculate 86 + -86 + (1 - 0) + -2.
-1
What is the value of -13 + 19 + 0 + -3?
3
Evaluate -7 + 5 + 1 + 1 - -1.
1
What is 2 + (-1 + -1 - 1 - 1)?
-2
(5 - 8) + (3 - 2)
-2
-6 - ((13 - 11) + 0)
-8
2 - ((3 - 0) + 1)
-2
Calculate -8 + 2 - (-10 - -6).
-2
9 - (-2 + 9 + -3)
5
3 + 3 + (-5 - -1)
2
What is the value of -6 - 2 - (-10 + -2 - -9)?
-5
What is -11 + (-5 - -14) - 4?
-6
Evaluate -2 + 1 + -3 + 1.
-3
5 + -10 - (-1 - 3)
-1
-5 + (-2 - -5) - 3 - -3
-2
Evaluate 2 - (0 + 2) - (16 + -12).
-4
(-4 - (0 - (1 + 0))) + -2
-5
Evaluate -6 + (5 - (-4 + 8 + 0)).
-5
Calculate -30 + 25 - (-9 - 1).
5
Calculate (-3 - (0 - 5)) + -5.
-3
(4 - (1 - -3) - -4) + -5
-1
What is the value of 2 + 3 + -6 + 0 - 0?
-1
What is the value of (0 - -3) + -12 - -6?
-3
What is (-10 - -13) + -5 - (2 + 1)?
-5
2 + (-2 - -1) + 3
4
What is 3 - (-6 - (7 - 11))?
5
(-1 - 1) + 9 + -24 + 21
4
Calculate -4 + -2 + -2 + 6.
-2
What is the value of 14 - 6 - (-5 + 9)?
4
What is the value of -6 + (1 - -1) + -2?
-6
Evaluate 29 - 34 - (0 - 10).
5
What is -1 + 1 + -1 - (-5 + 3)?
1
Calculate 1 + (-2 - (6 - 7)).
0
-5 - -5 - (-8 - (-6 + -7))
-5
Evaluate (1 - (1 - 3 - -5)) + 1.
-1
What is the value of -9 + 10 + (1 - 1) + 4?
5
What is the value of (4 - (8 + -3)) + 0?
-1
What is the value of -116 + 118 - (1 - (3 - 1))?
3
4 + (2 - (-1 + 1 - -10))
-4
Evaluate 1 + (-3 - 3) - -5.
0
What is 1 + (7 - (6 - 2))?
4
Calculate 6 + -8 - (6 - (5 + -2)).
-5
Evaluate -3 - (0 + 4 + -3).
-4
What is the value of -9 - (-5 + (-2 - -1))?
-3
Calculate -3 - (3 - 11 - -5).
0
What is the value of (-5 - (8 + -17)) + 0?
4
1 - -3 - (-21 + 29)
-4
What is 3 + -19 + 5 - -7?
-4
Calculate (-14 - -7) + 8 - (0 + 1).
0
13 + 0 + -4 + -6
3
Evaluate -1 - (-2 + (4 - 3)).
0
-7 + 0 + 8 + (-10 - -7)
-2
-2 + 1 + (-16 + 6 - -7)
-4
What is (-3 - (-3 - -2) - 2) + 10?
6
What is -4 + -3 + (0 - -6)?
-1
Calculate -4 - -6 - 4 - 3.
-5
-2 + 49 + -54 + (3 - 0)
-4
What is -3 - (-1 - (1 - 4))?
-5
What is (7 - (3 - 1)) + -1 + -1?
3
What is the value of -4 - ((1 - 10) + 1 + 1)?
3
Calculate 1 - (-2 - (-2 + (2 - -2))).
5
What is the value of -5 + (-1 - -2) + 5 + 2?
3
(0 - 2) + (6 - 11) + 6
-1
Evaluate (-3 - -2) + (9 + -3 - -1).
6
1 + 1 + (0 - (3 - -3))
-4
-1 - (4 - (13 + -4))
4
3 + -7 + -13 + 16
-1
(2 - -2) + (2 - (0 - -1))
5
(5 - 5) + 1 - 5
-4
Evaluate (-17 - (-20 - 2)) + 1 + -13.
-7
Calculate 8 - -4 - 3 - 13.
-4
What is 8 - (-1 + 2 + 2) - 3?
2
Evaluate -1 + 8 + (-24 - -9) + -2.
-10
What is (2 - (-7 - -2)) + -3?
4
What is the value of -32 + 39 + 1 + -12?
-4
What is the value of 9 + (-12 - (0 - 14))?
11
Evaluate -1 - (-5 - (5 + -5 + -6)).
-2
What is the value of (2 - (1 + -1)) + 3 + -9?
-4
What is the value of 5 + (1 - 7 - (-16 + 15))?
0
3 - -6 - (1 - -14)
-6
Evaluate -1 - (0 + -3 + (-9 - -12)).
-1
-7 + 4 - (2 - 5)
0
What is -5 - (4 + -6) - -3?
0
What is 8 + -6 - (-1 + 0)?
3
Evaluate 1 - -4 - (9 + -1).
-3
Evaluate (2 - -4) + (8 - 8).
6
Evaluate (-7 - -16) + (3 - 6).
6
Evaluate 6 + -13 + 13 + -3.
3
What is -3 + 4 - (0 - 1)?
2
-7 + (4 - 2 - (4 + -4))
-5
(-2 - (3 - 1